159457 and 139119.
1761
What is the greatest common factor of 572416 and 689?
13
What is the greatest common divisor of 2127110 and 3917630?
3470
Calculate the highest common divisor of 11280954 and 12.
6
Calculate the greatest common factor of 3680 and 29570.
10
What is the greatest common divisor of 13628593 and 1089?
121
What is the greatest common factor of 774020834 and 2294?
2294
What is the highest common factor of 6647410 and 8900?
890
Calculate the highest common divisor of 5388 and 46247.
449
What is the greatest common divisor of 929470984 and 82?
82
Calculate the greatest common divisor of 184373 and 7231.
7
What is the highest common divisor of 1525 and 540475?
25
Calculate the greatest common factor of 206546 and 406870.
122
What is the greatest common divisor of 110 and 776100710?
110
What is the greatest common divisor of 3788615 and 4181?
37
What is the greatest common divisor of 3375101 and 1070?
107
Calculate the greatest common divisor of 17935860 and 276.
276
What is the greatest common divisor of 3311625 and 9375?
375
Calculate the greatest common divisor of 214562549 and 292.
73
What is the greatest common divisor of 3106435 and 3641?
331
Calculate the greatest common factor of 1666230470 and 3460.
1730
Calculate the highest common factor of 491200 and 78400.
1600
What is the greatest common factor of 880395615 and 66?
33
What is the greatest common factor of 2005 and 21279065?
2005
Calculate the highest common divisor of 91269 and 7020.
9
Calculate the greatest common factor of 3132 and 1304532.
108
Calculate the highest common factor of 37 and 43169861.
37
Calculate the highest common divisor of 63178821 and 3.
3
Calculate the highest common divisor of 4542 and 713325642.
4542
Calculate the highest common divisor of 65170 and 10754.
38
Calculate the highest common factor of 9950 and 29032700.
50
What is the highest common divisor of 21507 and 938?
67
Calculate the highest common factor of 27000 and 3205875.
375
Calculate the greatest common factor of 469 and 4785542.
67
Calculate the highest common divisor of 3966006 and 132.
66
Calculate the greatest common factor of 966430 and 280.
10
What is the highest common divisor of 17080299 and 3263?
251
Calculate the highest common divisor of 55419 and 3597594.
273
Calculate the greatest common factor of 1230673 and 232.
29
What is the greatest common factor of 73267 and 1107?
41
Calculate the highest common divisor of 14950 and 43979.
13
What is the greatest common divisor of 18531 and 13067487?
261
What is the greatest common divisor of 4916844 and 20862?
1098
Calculate the highest common divisor of 117 and 23926608.
9
What is the highest common factor of 20 and 1002965?
5
What is the greatest common factor of 108 and 2714544?
36
What is the highest common factor of 5448915 and 4275?
855
What is the highest common factor of 4018605 and 1560?
15
What is the greatest common divisor of 640 and 829460?
20
What is the greatest common factor of 9205 and 396074581?
1841
What is the highest common divisor of 2232460 and 20?
20
What is the highest common divisor of 989 and 569963?
23
Calculate the greatest common factor of 742748 and 632.
4
Calculate the greatest common divisor of 73761 and 45816.
69
What is the greatest common factor of 19849596 and 156?
156
Calculate the highest common factor of 2839 and 182869.
17
What is the highest common divisor of 460450677 and 447?
447
Calculate the greatest common factor of 1960787924 and 8836.
8836
Calculate the greatest common divisor of 4243220 and 1780.
20
What is the greatest common factor of 8015560 and 320?
40
What is the greatest common divisor of 702 and 358232082?
78
What is the greatest common divisor of 230056 and 165208?
1544
Calculate the highest common factor of 154 and 16230907.
77
What is the highest common factor of 33208 and 25319?
7
What is the greatest common divisor of 120 and 24144870?
30
What is the greatest common divisor of 954 and 2519090?
106
What is the greatest common divisor of 396828116 and 13352?
6676
What is the highest common factor of 11887540 and 178106?
4142
Calculate the highest common factor of 80 and 286963580.
20
Calculate the greatest common divisor of 1701 and 187656021.
1701
Calculate the greatest common divisor of 493 and 65654.
17
Calculate the greatest common factor of 2457 and 201771.
27
Calculate the greatest common divisor of 396 and 8513307.
99
What is the greatest common divisor of 7021 and 108409?
119
Calculate the greatest common factor of 600 and 2106396.
12
Calculate the highest common factor of 180477 and 1353.
33
Calculate the greatest common divisor of 278 and 46183.
1
Calculate the highest common factor of 11479 and 513.
1
What is the highest common factor of 492227197 and 231?
77
Calculate the greatest common factor of 1905 and 455251185.
1905
What is the highest common factor of 540 and 1984635?
135
Calculate the greatest common divisor of 55 and 1411265.
5
Calculate the greatest common factor of 7495 and 7295.
5
Calculate the greatest common factor of 552 and 24924180.
276
Calculate the greatest common divisor of 342 and 63717336.
342
What is the highest common factor of 18174 and 514800?
78
What is the highest common divisor of 1202466 and 10272?
642
What is the greatest common divisor of 498768 and 852?
12
What is the highest common divisor of 1756 and 42279212?
1756
What is the highest common divisor of 319991233 and 206?
103
What is the greatest common divisor of 56270 and 1019149?
331
What is the greatest common factor of 507786 and 186?
6
What is the greatest common divisor of 154480825 and 11890?
5945
Calculate the greatest common divisor of 400638679 and 3703.
3703
Calculate the highest common divisor of 2892 and 10086.
6
Calculate the highest common factor of 9612 and 6160224.
1068
What is the highest common factor of 1112759 and 145?
29
What is the highest common factor of 8853169 and 1762?
881
What is the greatest common divisor of 11335457 and 23275?
133
Calculate the greatest common factor of 29171296 and 14.
14
What is the highest common factor of 30157 and 324519?
53
What is the greatest common factor of 2790 and 68364486?
558
What is the highest common divisor of 9840005 and 76?
19
What is the greatest common factor of 231 and 1430814?
231
Calculate the highest common factor of 620724 and 380328.
3588
What is the greatest common factor of 420604866 and 32744?
8186
Calculate the highest common divisor of 2308890 and 610.
10
What is the highest common factor of 291538 and 182?
26
Calculate the highest common factor of 10741106 and 334.
334
Calculate the highest common divisor of 92062 and 155856.
382
What is the highest common divisor of 534 and 27229728?
534
What is the greatest common factor of 33897855 and 50610?
3615
What is the highest common divisor of 423 and 589481943?
141
Calculate the highest common divisor of 8986772 and 64.
4
What is the greatest common divisor of 760891 and 9?
1
What is the highest common divisor of 3708 and 38096172?
36
What is the highest common factor of 210487 and 55?
1
Calculate the highest common factor of 1008 and 198972.
36
What is the highest common divisor of 12512728 and 8?
8
Calculate the greatest common factor of 4095 and 957285.
315
What is the highest common factor of 2265920 and 2457472?
4672
What is the greatest common factor of 1963 and 90654813?
151
Calculate the greatest common divisor of 68348 and 3976.
28
Calculate the greatest common divisor of 4858968 and 490992.
4632
Calculate the highest common factor of 975 and 2725775.
325
Calculate the highest common factor of 830728 and 232.
8
What is the greatest common factor of 28716211 and 93826?
1091
What is the greatest common divisor of 203346 and 15510?
66
What is the highest common factor of 235492 and 17628?
452
What is the highest common factor of 65023 and 1677328?
1327
What is the greatest common factor of 269422782 and 138?
138
What is the highest common divisor of 5547 and 166539?
129
Calculate the greatest common divisor of 46089420 and 400.
20
What is the greatest common factor of 4086 and 61785?
9
What is the highest common factor of 1047 and 10023?
3
What is the greatest common divisor of 15290400 and 1380?
1380
What is the greatest common factor o